mainder when 3 is divided by y.
0
Suppose -368*s + 370*s = 200. What is the remainder when s is divided by 62?
38
Let l = -10 - -13. Let y = -113 - -61. What is the remainder when y/(-12) + (-1)/3 is divided by l?
1
Suppose -176 = -c - 3*c + 4*o, 0 = o - 5. What is the remainder when c is divided by 25?
24
Suppose 2*n - 3 = 7. Suppose -3*m - v + 5 = 0, -n*m = -6*v + v - 15. What is the remainder when 7 is divided by m?
1
Suppose -48 = -2*n - 40. Suppose b + 4*r = 5 - 2, 4*b - 12 = -n*r. Calculate the remainder when 18/(-4)*(-4)/3 is divided by b.
0
Suppose -f + 0*f = -5. Suppose -f*k = -3*k - 12. Calculate the remainder when 245/15 - -5 - 2/(-3) is divided by k.
4
Suppose 2*h + 6 = 2*m, 1 = 2*h - 5. Calculate the remainder when (6/4)/(m/124) is divided by 7.
3
Let g = 19 - 19. Suppose -4*c = -g*c - 136. Suppose 2*u = 5*t - 655, -u = t - 138 - 0. Calculate the remainder when t is divided by c.
31
Let c = 0 + 86. Suppose -n - 44 = -3*n. What is the remainder when c is divided by n?
20
Let x = 10 - 4. Let d = x - 5. Let g = 26 - d. What is the remainder when g is divided by 9?
7
Let y = 23 + 9. Suppose 2*g + y = 100. Calculate the remainder when 134 is divided by g.
32
Suppose -2*u - q + 222 = 0, -7*u - q + 112 = -6*u. What is the remainder when 1759 is divided by u?
109
Let v(d) = 8*d - 3. Let w be v(-3). Let i be (0 - w/3) + -2. Calculate the remainder when (i + -1)*(-30)/(-9) is divided by 11.
9
Calculate the remainder when (34740/270)/((-1)/(-3)) is divided by 109.
59
Suppose -3*k - 30 + 225 = 4*h, 5*h - 220 = k. What is the remainder when 402 is divided by h?
42
Suppose 0 = -10*y + 5*y + 25. Suppose x - 4*b + y*b = 13, 5*x - 2*b - 100 = 0. Calculate the remainder when ((-5)/(-2))/((-1)/(-14)) is divided by x.
17
Suppose 38 = 5*h + t, 4*h - 17 = 3*t + 21. Calculate the remainder when 143 is divided by h.
7
Let h(c) = 4*c + 5. Let y = 1 - -6. Calculate the remainder when h(5) is divided by y.
4
Let b(x) = -4*x - 6. Calculate the remainder when 39 is divided by b(-5).
11
Suppose -5*t - 17 - 3 = 0. Suppose -66*w + 4 = -64*w. Calculate the remainder when -1 + (-29)/w*t is divided by 20.
17
Let p = -36 - -61. Suppose 0 = y - 5, 3*n - 4*y - p = 45. What is the remainder when n is divided by 16?
14
Let y = -13 - -10. What is the remainder when 39 is divided by -1 - (y - (-4 - -8))?
3
Let o(i) = 2*i - 42. Let g be 3/((-6)/4*-1). Suppose -g*w - 6 + 114 = 2*y, -4*y - 5*w + 218 = 0. Calculate the remainder when y is divided by o(28).
10
Suppose -6*l + 2*l = 4*j + 20, 5*l + 9 = 3*j. Let x = 60 + j. What is the remainder when x is divided by 10?
8
Let y(r) = r + 12. Let a be y(-10). Suppose x + a*x - 27 = 3*i, 25 = 3*x - 2*i. What is the remainder when 40/3 - (-6)/(-18) is divided by x?
6
Let k = -234 + 252. What is the remainder when 63 is divided by k?
9
Let p be 4*-1 + (-8)/8. Let t(q) = q**2 + 17. What is the remainder when 80 is divided by t(p)?
38
Suppose -4 = -28*f + 80. Calculate the remainder when 128 is divided by f.
2
What is the remainder when 1*1/2*70 is divided by (-180)/10*2/(-4)?
8
Let x = 715 - 685. What is the remainder when 50 is divided by x?
20
Let f(v) = -5*v**2 - 2*v + 4. Let o be f(2). Calculate the remainder when (-1424)/o + 3/(-15) is divided by 15.
11
Let h be (3 - 1)*7*-2. Let r(u) = -u**2 - 44*u - 335. Let f be r(-8). Let z = h - f. What is the remainder when z is divided by 4?
3
Suppose 0*b - 2*b = -5*a + 17, 3*a - 8 = -b. Suppose l = -4*x - 3 - 8, -a*l + 22 = x. Calculate the remainder when (-8)/(-16) + (-62)/(-4) is divided by l.
7
What is the remainder when (5/(-2))/((-2)/176*2) is divided by 23?
18
Suppose 0 = -4*r - 77*r + 6075. Calculate the remainder when 1197 is divided by r.
72
Let h = -33 - -36. Suppose 4*d = 4*b + 88, -5*d - 2*b + 24 = -h*d. Let s(u) = -14*u - 6. What is the remainder when s(-4) is divided by d?
16
Let k(h) = -3*h**3 - 8*h**2 + 5*h - 6. Calculate the remainder when k(-4) is divided by 6.
2
Suppose 4*g + 2*g = 0. Suppose -3*i - 228 = -6*i - s, g = i + s - 74. Suppose -3*w = -i - 37. Calculate the remainder when 111 is divided by w.
35
Suppose -6*y + 5*y - 1564 = -4*g, -3*g + 1173 = -4*y. Calculate the remainder when g is divided by 14.
13
Suppose -5*n + a + 27 = -154, 128 = 4*n - 5*a. Let m = -19 + n. What is the remainder when 70 is divided by m?
16
Let f = -1648 - -2110. What is the remainder when f is divided by 39?
33
Let x be ((-30)/8 - -3)*-4. Suppose x = f - 1. Calculate the remainder when 5 is divided by ((-4)/f - -1) + 2.
1
Suppose 5*r - 9 = -g + 24, -5*g - 4*r = -60. Let w = 466 + -437. Calculate the remainder when w is divided by g.
5
Suppose m = -4*z + 3*m + 216, 0 = 3*z - 3*m - 168. Let x = z + -40. Suppose -36 = -3*a + 90. Calculate the remainder when a is divided by x.
6
Let u(t) = 2*t**2 + t - 3. Let g be u(-2). Calculate the remainder when -42*1*g/(-3) is divided by ((-22)/(-8))/((-2)/(-8)).
9
Suppose 1260 = 19*c + 63. What is the remainder when c is divided by 6?
3
Let k(q) = -5*q + 156. Calculate the remainder when k(-15) is divided by 58.
57
Suppose 135*a = 10760 + 12034 - 6459. Calculate the remainder when a is divided by (-4)/18 + 742/18.
39
Let l(q) = 6*q - 94. Calculate the remainder when l(19) is divided by 15.
5
Let d(m) = m + 6. Let l(w) = -w**2 - 7*w - 6. Let g be l(-6). Let b be d(g). Suppose -b*q + 44 = -2*q. What is the remainder when 31 is divided by q?
9
Suppose 8*u = -20 + 836. Let s(a) = 27*a**2 + a - 2. What is the remainder when u is divided by s(1)?
24
Calculate the remainder when 865 is divided by -4 + 11 + 113 + -4 + 8.
121
Suppose 25 = 3*h - 35. Let u = -950 + 987. Calculate the remainder when u is divided by h.
17
Suppose -u - 2 = -4. Suppose 3*m = -4*q + 4 + 13, -u*q = 2*m - 8. Suppose q = 5*b - 20. What is the remainder when b is divided by 2?
1
What is the remainder when (-1580)/(-15)*(-15)/(-10) is divided by 32?
30
Suppose m + 42*i - 41*i = 20, 4*i = -m + 23. Calculate the remainder when m is divided by 11.
8
Suppose -54*z + 2*y = -57*z + 1144, -4*y - 358 = -z. Calculate the remainder when z is divided by 4.
2
Suppose -2*a - 40 = -6*a - 3*d, 5*a - 31 = d. Suppose 0 = -5*m - 4*n + 139, 0 = -m - 3*n + 2*n + 28. Calculate the remainder when m is divided by a.
6
Let f(t) = 9*t - 17. Let z be f(8). Let j = z - 43. Calculate the remainder when j is divided by 3.
0
Suppose -g - 2 = -1, g = -c + 50. Suppose -6*v = -9*v + c. What is the remainder when v is divided by 9?
8
What is the remainder when (5 + -253 - 1)/((-6)/2) is divided by 21?
20
Let l(i) = i**3 - 27*i**2 + 60*i - 10. What is the remainder when l(25) is divided by 61?
57
Let k(b) be the first derivative of 67*b**2/2 + 3*b + 2. Calculate the remainder when k(1) is divided by 18.
16
Suppose 3*k = 2*k + 8. Suppose 24 = 2*p - k. Suppose -2*a = -p - 30. What is the remainder when a is divided by 12?
11
Let k(w) = -w**2 - w. Let n(c) = 4*c**2 + 7*c + 15. Let t(a) = -5*k(a) - n(a). Calculate the remainder when 39 is divided by t(7).
19
Suppose -6*h = 5*u - 10*h - 246, 0 = 4*h - 4. What is the remainder when u is divided by 9?
5
Calculate the remainder when 11 + -11 - 56/(-2) is divided by -3*(5/5 + -3).
4
Suppose -2*i + 132 = -0*i - h, -h - 330 = -5*i. Suppose -4*q + i = -26. Calculate the remainder when 84 is divided by q.
15
Suppose -5044*i - 18 = -5047*i. Suppose u - 2 - 2 = 0. Calculate the remainder when ((-10)/u - -3)*i is divided by 2.
1
Let w = -1 + 4. Suppose m - 96 = -3*m - w*q, -5*q = 2*m - 48. Suppose -b - b = -m. Calculate the remainder when 32 is divided by b.
8
What is the remainder when 16/8 + 14 - -6 is divided by 4?
2
Suppose 11*v = 8*v + 6. Calculate the remainder when 37 is divided by 2*10/v + 4.
9
Let k = -121 + 38. Let q = k - -90. Calculate the remainder when 19 is divided by q.
5
Let s = -19 + 48. Calculate the remainder when 84 is divided by s.
26
Let o(q) = -q + 9. Let l be o(7). Suppose -d + 3*s + 51 = 4*d, 2*d - 30 = -l*s. Suppose 3*g - 11*g = -280. Calculate the remainder when g is divided by d.
11
Suppose -355 = -8*j - 243. Suppose 2*i = -3*c + 6 + 9, 0 = i. Calculate the remainder when j is divided by c.
4
What is the remainder when (-526)/(-4) + 1/(-2) is divided by ((-1 + -4 + 3)/(-1))/((-28)/(-378))?
23
Let l(t) = -t + 10. What is the remainder when (18 - 1)/(-15*9/(-